mmon divisor of 22100 and 2859400.
1700
What is the highest common factor of 916916065 and 65?
65
Calculate the highest common divisor of 1601910 and 3630690.
4590
What is the greatest common factor of 917651331 and 873?
873
What is the highest common divisor of 1296893445 and 1635?
1635
What is the greatest common factor of 26574114 and 42?
42
Calculate the highest common divisor of 15800 and 67261864.
632
Calculate the greatest common factor of 1946194 and 5440.
34
What is the greatest common factor of 18 and 327106908?
18
What is the greatest common divisor of 54374829 and 69?
69
What is the highest common divisor of 35684450 and 50?
50
What is the greatest common divisor of 12 and 11392692?
12
Calculate the highest common divisor of 24 and 99149124.
12
What is the greatest common divisor of 6321197 and 5063?
83
What is the highest common factor of 24066 and 3346182?
126
What is the highest common divisor of 24042 and 1590?
6
What is the greatest common factor of 23600 and 139320?
40
What is the greatest common factor of 105 and 2645286?
21
What is the highest common factor of 146257680 and 240?
240
What is the greatest common factor of 68804 and 1409761?
103
What is the greatest common factor of 20 and 1157740540?
20
What is the greatest common factor of 392 and 5218328?
8
What is the greatest common factor of 5362 and 29932?
14
What is the greatest common divisor of 405329 and 35489?
23
What is the highest common divisor of 93898 and 139118?
266
What is the greatest common divisor of 3040 and 1033790?
190
Calculate the greatest common factor of 32 and 24142816.
32
Calculate the greatest common factor of 16129789 and 235.
47
Calculate the greatest common divisor of 38 and 634847.
19
Calculate the greatest common divisor of 49950416 and 64.
16
Calculate the highest common factor of 1289642 and 175974.
278
Calculate the highest common divisor of 5768 and 9706823.
721
Calculate the highest common factor of 58015680 and 446.
446
Calculate the greatest common divisor of 242250 and 5130.
570
Calculate the highest common factor of 150902 and 566178.
394
What is the greatest common divisor of 304 and 4398443?
19
Calculate the greatest common factor of 746074 and 1610.
322
What is the greatest common factor of 661481884 and 1064?
532
Calculate the highest common divisor of 143949000 and 300.
300
Calculate the highest common divisor of 18549854 and 12059.
389
Calculate the greatest common divisor of 1767542 and 3557925.
1757
What is the highest common factor of 1247 and 130133566?
43
What is the highest common factor of 8751702 and 204?
102
What is the greatest common divisor of 45198615 and 45?
15
Calculate the highest common divisor of 2914324 and 972.
4
Calculate the highest common factor of 6249 and 4413877.
2083
Calculate the highest common factor of 30313712 and 132.
44
What is the highest common factor of 53652680 and 340?
340
What is the greatest common divisor of 24 and 256532604?
12
Calculate the highest common factor of 2236 and 15261532.
52
Calculate the greatest common factor of 3686760 and 661276.
5852
Calculate the highest common factor of 2524109 and 35.
7
Calculate the highest common divisor of 3807 and 6491421.
81
Calculate the highest common factor of 1402427 and 2414113.
3029
Calculate the greatest common divisor of 6830967 and 170742.
429
Calculate the greatest common divisor of 4683 and 292248859.
1561
What is the greatest common divisor of 5396 and 1465774?
38
What is the greatest common factor of 563113910 and 5990?
5990
What is the highest common factor of 1162015 and 408575?
1385
What is the highest common factor of 963109 and 28?
7
What is the highest common divisor of 138389198 and 95?
19
What is the greatest common factor of 6965 and 50366900?
995
Calculate the greatest common factor of 76464 and 135756.
324
What is the greatest common factor of 17499099 and 1383?
1383
Calculate the highest common factor of 91556 and 655368.
188
What is the greatest common factor of 763 and 48307056?
763
What is the greatest common divisor of 4036572 and 3348?
1116
What is the highest common divisor of 27714282 and 52662?
402
Calculate the highest common factor of 377000 and 19000.
1000
Calculate the greatest common factor of 1041471 and 527.
17
Calculate the highest common factor of 36 and 12784584.
12
Calculate the greatest common factor of 775188 and 2556.
36
What is the highest common factor of 1423783690 and 422?
422
What is the greatest common factor of 39042 and 1692015210?
13014
Calculate the highest common divisor of 394424 and 188000.
376
What is the highest common factor of 498 and 4037856?
6
What is the greatest common divisor of 140909676 and 24?
12
Calculate the greatest common divisor of 566602223 and 101.
101
Calculate the greatest common divisor of 64311 and 3977.
97
Calculate the greatest common divisor of 30176 and 3325961.
943
What is the greatest common divisor of 665038 and 28897?
407
What is the highest common divisor of 7814364 and 60?
12
What is the highest common factor of 293588 and 74?
2
Calculate the highest common divisor of 467771634 and 54.
18
What is the highest common divisor of 49411110 and 1470?
1470
What is the greatest common factor of 6300288 and 9696?
96
What is the greatest common factor of 17907087 and 9867?
759
Calculate the highest common divisor of 45900 and 496740.
1020
Calculate the greatest common divisor of 150836 and 78148.
28
Calculate the highest common factor of 40469632 and 15134.
658
What is the highest common factor of 308 and 389641?
7
Calculate the highest common factor of 4584107 and 9361.
253
Calculate the highest common factor of 282 and 3692743.
47
What is the greatest common factor of 65 and 462179627?
13
What is the highest common factor of 758160 and 87880?
520
Calculate the highest common divisor of 4482 and 1119504.
498
What is the greatest common factor of 6056050 and 393575?
2275
Calculate the greatest common divisor of 2182721 and 8744.
1093
What is the highest common factor of 38677446 and 54?
54
What is the greatest common divisor of 184 and 299702236?
92
What is the highest common factor of 248 and 287988884?
124
What is the highest common divisor of 820050 and 294?
42
What is the highest common divisor of 434 and 149653?
7
What is the highest common divisor of 9294034 and 97706?
1994
What is the greatest common divisor of 796 and 2613295462?
398
Calculate the highest common divisor of 481 and 172523.
13
What is the greatest common divisor of 4455025 and 1178?
19
What is the greatest common divisor of 20116092 and 2928?
732
Calculate the greatest common factor of 127203 and 4230375.
1167
What is the greatest common factor of 75189 and 420423?
1059
What is the greatest common factor of 1713 and 4257?
3
Calculate the greatest common factor of 617868 and 117828.
108
What is the greatest common factor of 2624 and 108325936?
656
Calculate the greatest common factor of 29455 and 16727.
43
Calculate the greatest common divisor of 9185892 and 684.
228
What is the greatest common factor of 8896405 and 950635?
5495
Calculate the greatest common divisor of 229104200 and 5200.
2600
Calculate the greatest common factor of 2834000 and 53846.
2834
What is the greatest common divisor of 94392 and 40973120?
3496
Calculate the highest common factor of 77911347 and 327.
327
Calculate the highest common divisor of 138 and 1240404.
6
Calculate the greatest common factor of 1275 and 11130825.
75
Calculate the highest common divisor of 9918 and 7926222.
174
What is the highest common factor of 1966758 and 864730?
4022
Calculate the greatest common divisor of 13827 and 993030.
1257
Calculate the highest common factor of 35111630 and 33796.
2414
What is the highest common factor of 14417245 and 26765?
505
What is the highest common factor of 108421620 and 36?
12
Calculate the greatest common divisor of 47838680 and 680.
680
What is the highest common divisor of 13670 and 426320?
10
Calculate the highest common divisor of 252 and 4671420.
12
Calculate the highest common factor of 65048 and 7979096.
376
Calculate the highest common divisor of 795413 and 289.
17
Calculate the greatest common divisor of 20 and 85023405.
5
What is the highest common divisor of 63913544 and 4161?
73
What is 